 -2)) + (-13 - (-19 - -6)).
5
Evaluate 19 + -1 - (15 - 23 - -19).
7
Evaluate (-6 - -2) + (1 - (3 + -6 - 12)).
12
What is 19 - (6 + -4) - 2?
15
What is the value of (17 - -1) + (-6 - (1 - 15))?
26
Calculate (12 - -10 - 25) + (-2 - -1 - -4).
0
(0 + 3 - 1) + -7 + -1 - -7
1
4 + 4 + (-18 - 15) + 6
-19
Evaluate -16 - (11 + 3 + -13).
-17
What is -20 + -8 + (5 + -8 + 8 - -9)?
-14
Evaluate 24 - (-1 + (7 - -3 - -1)).
14
Evaluate -47 + 53 - (4 + -3 + 2 - -16).
-13
Evaluate -17 - (-74 - -4 - (-23 - -5)).
35
What is the value of 1 + -18 + (-16 - -22) + -2?
-13
25 + (-415 - -426 - (1 - -7))
28
Evaluate (0 - (-9 + 1)) + 5.
13
Evaluate 27 + -2 + -3 - ((1 - 15) + 19).
17
-7 - (5 - (10 + (3 - -11) - -4))
16
Evaluate 13 + 0 + 33 + -39.
7
(7 - -25) + 19 - 34
17
Evaluate -35 + -4 + (32 - 13).
-20
Calculate -11 - ((-40 - -12) + (-14 - -2)).
29
Evaluate 4 - -8 - (6 - -5) - -4.
5
What is the value of 1 - (-10 + 3) - ((0 - 2) + 5)?
5
What is -101 + 101 - (0 + -14)?
14
Calculate -2 + 3 + -2 - (7 + -13).
5
-18 + 10 - (7 - 7)
-8
(-9 + 1 - ((6 - 30) + 15)) + 7
8
Evaluate (17 - 26) + (0 - -29).
20
What is the value of 38 + -62 + (39 - 5)?
10
Evaluate (-2 + 2 - (3 + 1)) + 0 + -7.
-11
Evaluate 15 + 1 + -2 + -132 + 136.
18
Evaluate -11 + 9 + (-1 - -27 - 6).
18
Calculate 4 + -12 + 12 - -9 - 21.
-8
What is -1 - 12 - (-11 - (-21 + 26 + -12))?
-9
What is 6 + (-14 - -4 - -2)?
-2
Evaluate 2 + 1 + -5 - 2 - (11 - 1).
-14
Calculate (6 - -2) + -11 + 9 + -3.
3
What is the value of -1 - (-18 + -5 - ((-2 - -9) + -15))?
14
What is the value of -1 + -22 - ((-93 - -59) + 20)?
-9
Evaluate (3 - -18) + (-5 + (10 - 3) - 7).
16
Evaluate 19 - (-5 + (-4 - -13)).
15
What is the value of 12 + (-3 - 18 - -7)?
-2
Evaluate -3 + 3 + 7 + -10 + -1.
-4
Calculate -1 + 4 + (10 + -4 - 0).
9
What is -2 - 6 - (-2 + -16 + 7)?
3
Calculate -19 + (-8 + 30 - 18).
-15
-1 - (-6 + 4) - (-3 + 12)
-8
Evaluate 12 - -1 - 17 - -11.
7
(214 - 216) + 1 + -13 - -19
5
2 + (-1 - 1) + 268 + -262
6
What is the value of 2 + 20 + 8 - (2 - (-2 - 1))?
25
Evaluate -2 - 6 - (-5 + 10 + -16 + 5).
-2
What is the value of 9 - (1 + (6 - (1 + 6)))?
9
1315 - 1323 - ((-2 + 1 - -1) + 1)
-9
What is the value of -2 - -2 - (10 + (8 - (-11 + 8)))?
-21
What is the value of 10 + -5 + 2 + -9 + -11 + -4?
-17
What is 4 + 2 - ((-5 - -3) + 0)?
8
What is the value of 27 - (21 - (20 + -5))?
21
Calculate 4 - (-4 - (17 + (5 - 15))).
15
Evaluate -7 - (-11 + 2 + 8 + -11 + 3).
2
Calculate 0 + -2 - -16 - (-273 - -281).
6
(19 + (1 - 5) + 0 - -3) + 5
23
What is the value of 7 + (3 + 1 + -8 - (0 - -3))?
0
What is -106 - -115 - (2 + -4)?
11
Calculate (9 - 10 - -8) + -4 + 11.
14
Calculate (-36 - -4) + (20 + -2 - 10).
-24
Evaluate (140 - 149) + (4 - 31 - -4).
-32
Evaluate 1 + 2 + 6 + -4 - (30 + -31).
6
Evaluate 10 + -1 - (-2 + -22 + 13 + -5).
25
Calculate -3 + 11 - -7 - (4 - 0 - 5).
16
What is -8 - (-27 + -11 + 23)?
7
What is 7 - 8 - -9 - (1 + -2)?
9
Calculate 10 + (8 - 2 - 14) + -6.
-4
What is (-12 + 4 - (9 + 4 + -11)) + 6?
-4
(6 - (-17 + 18)) + -5
0
What is 53 + -33 + (-13 - (3 - (5 + 2)))?
11
Evaluate (11 - -1) + (-42 - (31 + -73)).
12
What is the value of 23 + -35 - (-16 - -2)?
2
What is the value of 9 + -8 + (3 + -3 + -6 - 14)?
-19
Calculate (5 - 0) + (-128 - -119).
-4
Calculate 12 + ((-1 - 1) + 5 - (-17 + 19)).
13
Evaluate 2 - (15 + 9 + -39).
17
What is the value of (-12 - -1) + (-19 - (-5 + -24 - -9))?
-10
Calculate -4 - 2 - ((14 - 8) + -6).
-6
What is 18 - (-3 + -8 - -15 - (1 + 2))?
17
What is the value of -20 - 6 - (-9 + 1)?
-18
What is the value of 25 + (19 + -41 - -4)?
7
-15 + -27 + 23 - -28
9
What is (3 - (20 + -20)) + (-14 - 1)?
-12
What is the value of -2 + -10 - (7 - 20)?
1
Calculate -4 - 0 - (-1 - (9 + -7)).
-1
What is the value of (-17 - -16 - (-4 + 0)) + 17 + -22?
-2
Evaluate 18 + -16 - (-1 + -4) - -8.
15
What is -1 + 13 - (-1 - (3 + -1))?
15
What is (0 + -8 + 2 - -10 - -6) + -29?
-19
What is (-4 - 4) + (12 - (6 + 0)) + 7?
5
What is 10 - (-8 - (-19 + -1))?
-2
Evaluate -5 + 21 + -5 + 10.
21
What is 6 + 19 + -38 - (-32 - -2)?
17
Calculate 6 + -7 + 2 + (-7 - -27).
21
15 - (-17 - (-52 - -23))
3
Evaluate -22 - (-4 - -23 - 35).
-6
What is the value of -13 + (17 + 4 - 3 - 13)?
-8
Evaluate 0 + -3 + -11 + 2 + (0 - -4).
-8
What is the value of 5 + (3 - 6) - (-42 + 18)?
26
Calculate (6 - (7 - 1)) + 28.
28
What is -16 - -16 - 0 - (6 + 5)?
-11
27 + -20 + (-13 - 4)
-10
Calculate -5 - (-1 + (-8 + -13 - -11)).
6
What is (-14 - (-19 + -1)) + (17 - 2) + -3?
18
Evaluate (7 - -1 - 1) + (70 - 66).
11
Evaluate (12 - (-2 - -2)) + (25 - (-45 - -76)).
6
Evaluate (-15 - -31) + -20 + 14.
10
-3 + 8 + -11 - (-4 + 9 + -5)
-6
What is the value of (0 + -4 - (0 - -3) - -7) + 8?
8
Evaluate 1 + -12 - (-2 + -22 + 25).
-12
-7 - (-44 - -33 - -22)
-18
Evaluate (60 + -58 - (0 - -12)) + -3.
-13
0 + 11 - ((24 - 10) + -7)
4
What is the value of 7 + (1 + -2 - ((87 - 32) + -31))?
-18
Calculate -9 + 12 + 3 + 3 + -2.
7
What is 2 + -4 + 6 - (-211 - -218)?
-3
-13 - (-32 + 45 - (17 + -2))
-11
0 - -9 - (29 + (-19 - -24) + -10)
-15
Calculate -1 + -8 + (0 - 3).
-12
Evaluate 7 + 2 + -1 - (39 + -44 + 25).
-12
25 - (10 + 3 - (-7 - -14))
19
Evaluate -3 - -5 - (-2 + 1 + 11 + -20).
12
Evaluate -1 + -14 + 8 - (-10 - -2).
1
1 - ((4 - -4) + 1 + 0)
-8
What is the value of (-2 - 7) + 11 - -8?
10
(0 - -2) + (-14 - -15) + -27
-24
32 - (-7 + 31) - (1 - -8)
-1
What is (-11 - -6) + 5 - -7?
7
What is -28 + 16 + -1 + 29?
16
-1 - -8 - (24 - (29 - (19 + -8)))
1
What is (2 - 14 - -19) + -16?
-9
Calculate -19 - (-18 + (-10 - -9)) - -34.
34
Evaluate 28 + -70 + 76 + -13.
21
Evaluate 27 - (-15 + 70 + -12).
-16
What is 3 - (6 - 4) - -1 - -1 - 7?
-4
Evaluate (-12 - 2) + 12 - (0 - (-2 + 1)).
-3
What is the value of -812 + 785 + (-1 - -5)?
-23
What is the value of 0 + (26 - 21) + (1 - -9)?
15
Calculate -3 + 2 - -7 - (193 + -184).
-3
What is the value of -3 - 4 - (-13 + 11 - (-15 + 6))?
-14
What is the value of -7 + 16 + -15 + 6 + 0 + 3?
3
Evaluate -7 - -38 - (-231 - -227).
35
-15 + (0 - (-10 + 1)) - (-2 - 7)
3
What is 4 + (8 + 0 - 12) + 8?
8
17 + -30 + 21 + -30
-22
Evaluate -49 - -15 - -16 - -1.
-17
Evaluate -1 - 10 - (3 - 15 - 19).
20
What is the value of (-1 - (10 + -15)) + 14?
18
Evaluate 5 - -48 - (-12 - -38).
27
Calculate 8 + 0 + (-18 - 0) - (20 - 30).
0
Calculate 5 - 3 - (-2 - -2 - -8).
-6
What is the value of -13 + (-2 - (3 - 3))?
-15
What is 14 + -33 + (11 - 5)?
-13
Evaluate (2 + 0 - (-4 + -2)) + -6.
2
Calculate 10 + -4 - (-9 - ((-3 - -3) + -4)).
11
Calculate 9 + 3 + -14 + (-11 - 1) + 17.
3
What is the value of 4 + -1 + -6 + 14?
11
Calculate (167 - 136) + -9 + -6.
16
What is the value of (2 - 8 - -23) + -20?
-3
What is 691 + -694 - (-7 - 3)?
7
What is (-10 - 1) + 2 + (27 - (5 + 20))?
-7
-15 - (8 - (9 + 2 - 13))
-25
Calculate 3 + 0 - (1 + 7 - 7 - 1).
3
(-4 + 0 + 4 + 2 - -4) + -7
-1
2 - ((-1 - -1) + 8 + (15 - 16))
-5
Calculate -6 + -13 + 2 + 4.
-13
What is 25 + (-1 - 5) + 10 + -14?
15
What is -42 - (-62 + 5 + 35)?
-20
What is -8 + (-2 - 1) + 9 + (3 - -11)?
12
What is the value of (11 - -12) + -20 - (9 - (-2 + 1))?
-7
What is 1 + 10 - (3 + (15 - 9) + -6)?
8
(-54 + 26 - 21) + 29
-20
What is the value of -2 - (13 - (6 + 18) - 2)?
11
Evaluate 2 - -21 - 35 - -29.
17
(83 - 75) + 2 + -6 + -28 + 2
-22
What is 259 + -264 + (4 - 0 - -11)?
10
Calculate 15 + -7 + (1 + 0 - 0).
9
-5 + -8 + 10 + -12 + 32
17
Calculate (-1 - 8) + 42 + -35.
-2
-25 + 32 - (1 + 1 - -5 - 8)
8
1 + 13 - (4 + 2 + -4)
12
Calculate (64 - (59 + -33)) + -35.
3
Evaluate (-15 - (-23 - -52)) + 23.
-21
What is -1 - (-32 + 65) - -41?
7
(-1 + 6 - 5) + 8 - 6
2
What is (-1 - 0) + -8 + (15 - 19)?
-13
59 - (75 - (56 - 21))
19
(18 - 3) + (-4 - (3 + -5 - -4))
9
What is the value of (1 - (-30 - -49)) + (10 - 1)?
-9
(-1 - -2) + 1 - (0 + -7 + 20)
-11
What is (-43 - -23) + -3 + (9 - 1)?
-15
Calculate (0 - 2) + 17 + -19 - (-15 + 0).
11
0 + -6 + (-6 - -13)
1
Calculate (-33 - -30 - (0 - 0)) + 16 + -25.
-12
What is 6 - (19 + 6 - 5)?
-14
(5 + 5 + -5 - 12) + 8
1
Evaluate (96 - 72) + -17 + 0.
7
Calculate 53 + -12 + (54 - 105).
-10
What is (0 - (6 + -3)) + 10 + 4 + -10?
1
What is -16 - -6 - (-24 + (9 - 6))?
11
What is the value of 0 + 6 - (15 + 8 + -25)?
8
What is 100 - 51 - 46 - (0 + (-1 - -2))?
2
Calculate (4 - 16) + 2 + (-9 - -41) - -3.
25
What is 12 - ((-6 - -12) + -10)?
16
What is the v